{"id":54,"date":"2017-01-03T12:47:30","date_gmt":"2017-01-03T12:47:30","guid":{"rendered":"http:\/\/33a4b7a57288598749e1fd58451a206ece846184.web10.temporaryurl.org\/?page_id=54"},"modified":"2018-02-12T13:53:50","modified_gmt":"2018-02-12T13:53:50","slug":"uddannelseplan","status":"publish","type":"page","link":"http:\/\/www.stu-ulkeb\u00f8ldam.dk\/?page_id=54","title":{"rendered":"Uddannelseplan"},"content":{"rendered":"<p><strong>Den individuelle uddannelsesplan<\/strong><\/p>\n<p>N\u00e5r du er optaget som elev p\u00e5 STU-Ulkeb\u00f8ldam f\u00f8lger du din egen, skr\u00e6ddersyede uddannelsesplan, som vi sammen med dig udarbejder, s\u00e5ledes at den passer kun til dig inden for hvert emneomr\u00e5de. Sammen med dig, formulerer vi dine overordnede m\u00e5l og vi definerer, hvordan vi n\u00e5r m\u00e5lene, det vil sige, vi formulerer ogs\u00e5 ud fra dine foruds\u00e6tninger og dine \u00f8nsker og behov.<\/p>\n<p>N\u00e5r du er elev p\u00e5 STU-Ulkeb\u00f8ldam, vil du blive tilbudt individuel undervisning\/tr\u00e6ning indenfor f\u00f8lgende emneomr\u00e5der:<\/p>\n<ul>\n<li>\u00d8konomi<\/li>\n<li>Husholdning<\/li>\n<li>Kommunikation<\/li>\n<li>Selvst\u00e6ndig livsf\u00f8relse<\/li>\n<li>Botr\u00e6ning<\/li>\n<li>Samfundsfag<\/li>\n<li>Dansk\/Matematik<\/li>\n<li>IT<\/li>\n<li>Faglig udvikling<\/li>\n<\/ul>\n<p>Uddannelsesforl\u00f8bets opstart vil is\u00e6r v\u00e6re bygget op omkring skolens egne v\u00e6rksteder og selve boligen, som tilsammen kan kaldes uddannelseslinjer. I \u00f8jeblikket tilbyder STU-Ulkeb\u00f8ldam f\u00f8lgende v\u00e6rksteder:<\/p>\n<ul>\n<li>Hus og Have<\/li>\n<li>Glas\/handel<\/li>\n<li>Kreativ<\/li>\n<li>Montage<\/li>\n<li>Tr\u00e6- og Snedkerv\u00e6rksted<\/li>\n<li>Motor\/cykelv\u00e6rksted<\/li>\n<li>K\u00f8kken<\/li>\n<li>Pedel<\/li>\n<li>Praktik<\/li>\n<li>Huset<\/li>\n<li>Individuelle kurser efter elevens \u00f8nsker<\/li>\n<li>Teori<\/li>\n<li>Ud af Huset<\/li>\n<\/ul>\n<p>Skolen vil, under hele uddannelsen, fungere som base. Der er under hele uddannelsen mulighed for at f\u00e5 eksterne undervisere ind p\u00e5 skolen, som kan afholde forskellige kurser.<\/p>\n ","protected":false},"excerpt":{"rendered":"<p>Den individuelle uddannelsesplan N\u00e5r du er optaget som elev p\u00e5 STU-Ulkeb\u00f8ldam f\u00f8lger du din egen, skr\u00e6ddersyede uddannelsesplan, som vi sammen med dig udarbejder, s\u00e5ledes at den passer kun til dig inden for hvert emneomr\u00e5de. Sammen med dig, formulerer vi dine overordnede m\u00e5l og vi definerer, hvordan vi n\u00e5r m\u00e5lene, det vil sige, vi formulerer ogs\u00e5 &hellip; <a href=\"http:\/\/www.stu-ulkeb\u00f8ldam.dk\/?page_id=54\" class=\"more-link\">L\u00e6s videre <span class=\"screen-reader-text\">Uddannelseplan<\/span> <span class=\"meta-nav\">&rarr;<\/span><\/a><\/p>\n","protected":false},"author":1,"featured_media":0,"parent":15,"menu_order":0,"comment_status":"closed","ping_status":"closed","template":"","meta":[],"yoast_head":"<!-- This site is optimized with the Yoast SEO plugin v19.4 - https:\/\/yoast.com\/wordpress\/plugins\/seo\/ -->\n<title>Uddannelseplan - STU-Ulkeb\u00f8ldam<\/title>\n<meta name=\"robots\" content=\"index, follow, max-snippet:-1, max-image-preview:large, max-video-preview:-1\" \/>\n<link rel=\"canonical\" href=\"http:\/\/www.stu-ulkeb\u00f8ldam.dk\/?page_id=54\" \/>\n<meta property=\"og:locale\" content=\"da_DK\" \/>\n<meta property=\"og:type\" content=\"article\" \/>\n<meta property=\"og:title\" content=\"Uddannelseplan - STU-Ulkeb\u00f8ldam\" \/>\n<meta property=\"og:description\" content=\"Den individuelle uddannelsesplan N\u00e5r du er optaget som elev p\u00e5 STU-Ulkeb\u00f8ldam f\u00f8lger du din egen, skr\u00e6ddersyede uddannelsesplan, som vi sammen med dig udarbejder, s\u00e5ledes at den passer kun til dig inden for hvert emneomr\u00e5de. Sammen med dig, formulerer vi dine overordnede m\u00e5l og vi definerer, hvordan vi n\u00e5r m\u00e5lene, det vil sige, vi formulerer ogs\u00e5 &hellip; L\u00e6s videre Uddannelseplan &rarr;\" \/>\n<meta property=\"og:url\" content=\"http:\/\/www.stu-ulkeb\u00f8ldam.dk\/?page_id=54\" \/>\n<meta property=\"og:site_name\" content=\"STU-Ulkeb\u00f8ldam\" \/>\n<meta property=\"article:publisher\" content=\"https:\/\/www.facebook.com\/groups\/673942635972726\/?fb_dtsg_ag=AdzoCEilAgSGtsBHsmtxuVQO3YB6z-Pa5QD7Rcccj841Qw%3aAdyhV7ar_ltBh-a1YSIPE8AWSyLJVrhmrhn91Vnn_KF1Tw\" \/>\n<meta property=\"article:modified_time\" content=\"2018-02-12T13:53:50+00:00\" \/>\n<meta name=\"twitter:card\" content=\"summary_large_image\" \/>\n<meta name=\"twitter:label1\" content=\"Estimeret l\u00e6setid\" \/>\n\t<meta name=\"twitter:data1\" content=\"1 minut\" \/>\n<script type=\"application\/ld+json\" class=\"yoast-schema-graph\">{\"@context\":\"https:\/\/schema.org\",\"@graph\":[{\"@type\":\"Organization\",\"@id\":\"http:\/\/www.stu-ulkeb\u00f8ldam.dk\/#organization\",\"name\":\"STU-Ulkeb\u00f8ldam\",\"url\":\"http:\/\/www.stu-ulkeb\u00f8ldam.dk\/\",\"sameAs\":[\"https:\/\/www.facebook.com\/groups\/673942635972726\/?fb_dtsg_ag=AdzoCEilAgSGtsBHsmtxuVQO3YB6z-Pa5QD7Rcccj841Qw:AdyhV7ar_ltBh-a1YSIPE8AWSyLJVrhmrhn91Vnn_KF1Tw\"],\"logo\":{\"@type\":\"ImageObject\",\"inLanguage\":\"da-DK\",\"@id\":\"http:\/\/www.stu-ulkeb\u00f8ldam.dk\/#\/schema\/logo\/image\/\",\"url\":\"http:\/\/www.stu-ulkeb\u00f8ldam.dk\/wp-content\/uploads\/2018\/01\/IMG_2749.jpg\",\"contentUrl\":\"http:\/\/www.stu-ulkeb\u00f8ldam.dk\/wp-content\/uploads\/2018\/01\/IMG_2749.jpg\",\"width\":4032,\"height\":3024,\"caption\":\"STU-Ulkeb\u00f8ldam\"},\"image\":{\"@id\":\"http:\/\/www.stu-ulkeb\u00f8ldam.dk\/#\/schema\/logo\/image\/\"}},{\"@type\":\"WebSite\",\"@id\":\"http:\/\/www.stu-ulkeb\u00f8ldam.dk\/#website\",\"url\":\"http:\/\/www.stu-ulkeb\u00f8ldam.dk\/\",\"name\":\"STU-Ulkeb\u00f8ldam\",\"description\":\"Unge med s\u00e6rlige behov\",\"publisher\":{\"@id\":\"http:\/\/www.stu-ulkeb\u00f8ldam.dk\/#organization\"},\"potentialAction\":[{\"@type\":\"SearchAction\",\"target\":{\"@type\":\"EntryPoint\",\"urlTemplate\":\"http:\/\/www.stu-ulkeb\u00f8ldam.dk\/?s={search_term_string}\"},\"query-input\":\"required name=search_term_string\"}],\"inLanguage\":\"da-DK\"},{\"@type\":\"WebPage\",\"@id\":\"http:\/\/www.stu-ulkeb\u00f8ldam.dk\/?page_id=54\",\"url\":\"http:\/\/www.stu-ulkeb\u00f8ldam.dk\/?page_id=54\",\"name\":\"Uddannelseplan - STU-Ulkeb\u00f8ldam\",\"isPartOf\":{\"@id\":\"http:\/\/www.stu-ulkeb\u00f8ldam.dk\/#website\"},\"datePublished\":\"2017-01-03T12:47:30+00:00\",\"dateModified\":\"2018-02-12T13:53:50+00:00\",\"breadcrumb\":{\"@id\":\"http:\/\/www.stu-ulkeb\u00f8ldam.dk\/?page_id=54#breadcrumb\"},\"inLanguage\":\"da-DK\",\"potentialAction\":[{\"@type\":\"ReadAction\",\"target\":[\"http:\/\/www.stu-ulkeb\u00f8ldam.dk\/?page_id=54\"]}]},{\"@type\":\"BreadcrumbList\",\"@id\":\"http:\/\/www.stu-ulkeb\u00f8ldam.dk\/?page_id=54#breadcrumb\",\"itemListElement\":[{\"@type\":\"ListItem\",\"position\":1,\"name\":\"Hjem\",\"item\":\"http:\/\/www.stu-ulkeb\u00f8ldam.dk\/\"},{\"@type\":\"ListItem\",\"position\":2,\"name\":\"Uddannelsen\",\"item\":\"http:\/\/www.stu-ulkeb\u00f8ldam.dk\/?page_id=15\"},{\"@type\":\"ListItem\",\"position\":3,\"name\":\"Uddannelseplan\"}]}]}<\/script>\n<!-- \/ Yoast SEO plugin. -->","yoast_head_json":{"title":"Uddannelseplan - STU-Ulkeb\u00f8ldam","robots":{"index":"index","follow":"follow","max-snippet":"max-snippet:-1","max-image-preview":"max-image-preview:large","max-video-preview":"max-video-preview:-1"},"canonical":"http:\/\/www.stu-ulkeb\u00f8ldam.dk\/?page_id=54","og_locale":"da_DK","og_type":"article","og_title":"Uddannelseplan - STU-Ulkeb\u00f8ldam","og_description":"Den individuelle uddannelsesplan N\u00e5r du er optaget som elev p\u00e5 STU-Ulkeb\u00f8ldam f\u00f8lger du din egen, skr\u00e6ddersyede uddannelsesplan, som vi sammen med dig udarbejder, s\u00e5ledes at den passer kun til dig inden for hvert emneomr\u00e5de. Sammen med dig, formulerer vi dine overordnede m\u00e5l og vi definerer, hvordan vi n\u00e5r m\u00e5lene, det vil sige, vi formulerer ogs\u00e5 &hellip; L\u00e6s videre Uddannelseplan &rarr;","og_url":"http:\/\/www.stu-ulkeb\u00f8ldam.dk\/?page_id=54","og_site_name":"STU-Ulkeb\u00f8ldam","article_publisher":"https:\/\/www.facebook.com\/groups\/673942635972726\/?fb_dtsg_ag=AdzoCEilAgSGtsBHsmtxuVQO3YB6z-Pa5QD7Rcccj841Qw%3aAdyhV7ar_ltBh-a1YSIPE8AWSyLJVrhmrhn91Vnn_KF1Tw","article_modified_time":"2018-02-12T13:53:50+00:00","twitter_card":"summary_large_image","twitter_misc":{"Estimeret l\u00e6setid":"1 minut"},"schema":{"@context":"https:\/\/schema.org","@graph":[{"@type":"Organization","@id":"http:\/\/www.stu-ulkeb\u00f8ldam.dk\/#organization","name":"STU-Ulkeb\u00f8ldam","url":"http:\/\/www.stu-ulkeb\u00f8ldam.dk\/","sameAs":["https:\/\/www.facebook.com\/groups\/673942635972726\/?fb_dtsg_ag=AdzoCEilAgSGtsBHsmtxuVQO3YB6z-Pa5QD7Rcccj841Qw:AdyhV7ar_ltBh-a1YSIPE8AWSyLJVrhmrhn91Vnn_KF1Tw"],"logo":{"@type":"ImageObject","inLanguage":"da-DK","@id":"http:\/\/www.stu-ulkeb\u00f8ldam.dk\/#\/schema\/logo\/image\/","url":"http:\/\/www.stu-ulkeb\u00f8ldam.dk\/wp-content\/uploads\/2018\/01\/IMG_2749.jpg","contentUrl":"http:\/\/www.stu-ulkeb\u00f8ldam.dk\/wp-content\/uploads\/2018\/01\/IMG_2749.jpg","width":4032,"height":3024,"caption":"STU-Ulkeb\u00f8ldam"},"image":{"@id":"http:\/\/www.stu-ulkeb\u00f8ldam.dk\/#\/schema\/logo\/image\/"}},{"@type":"WebSite","@id":"http:\/\/www.stu-ulkeb\u00f8ldam.dk\/#website","url":"http:\/\/www.stu-ulkeb\u00f8ldam.dk\/","name":"STU-Ulkeb\u00f8ldam","description":"Unge med s\u00e6rlige behov","publisher":{"@id":"http:\/\/www.stu-ulkeb\u00f8ldam.dk\/#organization"},"potentialAction":[{"@type":"SearchAction","target":{"@type":"EntryPoint","urlTemplate":"http:\/\/www.stu-ulkeb\u00f8ldam.dk\/?s={search_term_string}"},"query-input":"required name=search_term_string"}],"inLanguage":"da-DK"},{"@type":"WebPage","@id":"http:\/\/www.stu-ulkeb\u00f8ldam.dk\/?page_id=54","url":"http:\/\/www.stu-ulkeb\u00f8ldam.dk\/?page_id=54","name":"Uddannelseplan - STU-Ulkeb\u00f8ldam","isPartOf":{"@id":"http:\/\/www.stu-ulkeb\u00f8ldam.dk\/#website"},"datePublished":"2017-01-03T12:47:30+00:00","dateModified":"2018-02-12T13:53:50+00:00","breadcrumb":{"@id":"http:\/\/www.stu-ulkeb\u00f8ldam.dk\/?page_id=54#breadcrumb"},"inLanguage":"da-DK","potentialAction":[{"@type":"ReadAction","target":["http:\/\/www.stu-ulkeb\u00f8ldam.dk\/?page_id=54"]}]},{"@type":"BreadcrumbList","@id":"http:\/\/www.stu-ulkeb\u00f8ldam.dk\/?page_id=54#breadcrumb","itemListElement":[{"@type":"ListItem","position":1,"name":"Hjem","item":"http:\/\/www.stu-ulkeb\u00f8ldam.dk\/"},{"@type":"ListItem","position":2,"name":"Uddannelsen","item":"http:\/\/www.stu-ulkeb\u00f8ldam.dk\/?page_id=15"},{"@type":"ListItem","position":3,"name":"Uddannelseplan"}]}]}},"_links":{"self":[{"href":"http:\/\/www.stu-ulkeb\u00f8ldam.dk\/index.php?rest_route=\/wp\/v2\/pages\/54"}],"collection":[{"href":"http:\/\/www.stu-ulkeb\u00f8ldam.dk\/index.php?rest_route=\/wp\/v2\/pages"}],"about":[{"href":"http:\/\/www.stu-ulkeb\u00f8ldam.dk\/index.php?rest_route=\/wp\/v2\/types\/page"}],"author":[{"embeddable":true,"href":"http:\/\/www.stu-ulkeb\u00f8ldam.dk\/index.php?rest_route=\/wp\/v2\/users\/1"}],"replies":[{"embeddable":true,"href":"http:\/\/www.stu-ulkeb\u00f8ldam.dk\/index.php?rest_route=%2Fwp%2Fv2%2Fcomments&post=54"}],"version-history":[{"count":6,"href":"http:\/\/www.stu-ulkeb\u00f8ldam.dk\/index.php?rest_route=\/wp\/v2\/pages\/54\/revisions"}],"predecessor-version":[{"id":631,"href":"http:\/\/www.stu-ulkeb\u00f8ldam.dk\/index.php?rest_route=\/wp\/v2\/pages\/54\/revisions\/631"}],"up":[{"embeddable":true,"href":"http:\/\/www.stu-ulkeb\u00f8ldam.dk\/index.php?rest_route=\/wp\/v2\/pages\/15"}],"wp:attachment":[{"href":"http:\/\/www.stu-ulkeb\u00f8ldam.dk\/index.php?rest_route=%2Fwp%2Fv2%2Fmedia&parent=54"}],"curies":[{"name":"wp","href":"https:\/\/api.w.org\/{rel}","templated":true}]}}