{"id":135,"date":"2017-01-06T10:43:31","date_gmt":"2017-01-06T10:43:31","guid":{"rendered":"http:\/\/33a4b7a57288598749e1fd58451a206ece846184.web10.temporaryurl.org\/?page_id=135"},"modified":"2020-08-19T05:43:15","modified_gmt":"2020-08-19T05:43:15","slug":"maalgruppe","status":"publish","type":"page","link":"http:\/\/www.stu-ulkeb\u00f8ldam.dk\/?page_id=135","title":{"rendered":"M\u00e5lgruppe"},"content":{"rendered":"<p><strong>M\u00e5lgruppen<\/strong><\/p>\n<p>Uddannelsesforl\u00f8bet tilbydes unge mellem 16 &#8211; 25 \u00e5r, der har afsluttet grundskolen og derudover opfylder lovens krav om at v\u00e6re omfattet af et STU-tilbud.<\/p>\n<p>STU-Ulkeb\u00f8ldam er derfor rettet mod den gruppe af unge, der er karakteriseret ved ikke p\u00e5 nuv\u00e6rende tidspunkt, at v\u00e6re i stand til at tage nogen form for ordin\u00e6r uddannelse.<\/p>\n<p>Det er imidlertid sv\u00e6rt pr\u00e6cist at definere elevgruppen, idet deres problemstillinger og handlem\u00f8nstre er meget forskellige.<\/p>\n<p>Generelt har de alle problemer med at klare basale opgaver i hverdagen som f.eks. hygiejne, betaling af regninger samt forst\u00e5else af almindelige sammenh\u00e6nge.<\/p>\n ","protected":false},"excerpt":{"rendered":"<p>M\u00e5lgruppen Uddannelsesforl\u00f8bet tilbydes unge mellem 16 &#8211; 25 \u00e5r, der har afsluttet grundskolen og derudover opfylder lovens krav om at v\u00e6re omfattet af et STU-tilbud. STU-Ulkeb\u00f8ldam er derfor rettet mod den gruppe af unge, der er karakteriseret ved ikke p\u00e5 nuv\u00e6rende tidspunkt, at v\u00e6re i stand til at tage nogen form for ordin\u00e6r uddannelse. Det &hellip; <a href=\"http:\/\/www.stu-ulkeb\u00f8ldam.dk\/?page_id=135\" class=\"more-link\">L\u00e6s videre <span class=\"screen-reader-text\">M\u00e5lgruppe<\/span> <span class=\"meta-nav\">&rarr;<\/span><\/a><\/p>\n","protected":false},"author":1,"featured_media":0,"parent":17,"menu_order":0,"comment_status":"closed","ping_status":"closed","template":"","meta":[],"yoast_head":"<!-- This site is optimized with the Yoast SEO plugin v19.4 - https:\/\/yoast.com\/wordpress\/plugins\/seo\/ -->\n<title>M\u00e5lgruppe - STU-Ulkeb\u00f8ldam<\/title>\n<meta name=\"robots\" content=\"index, follow, max-snippet:-1, max-image-preview:large, max-video-preview:-1\" \/>\n<link rel=\"canonical\" href=\"http:\/\/www.stu-ulkeb\u00f8ldam.dk\/?page_id=135\" \/>\n<meta property=\"og:locale\" content=\"da_DK\" \/>\n<meta property=\"og:type\" content=\"article\" \/>\n<meta property=\"og:title\" content=\"M\u00e5lgruppe - STU-Ulkeb\u00f8ldam\" \/>\n<meta property=\"og:description\" content=\"M\u00e5lgruppen Uddannelsesforl\u00f8bet tilbydes unge mellem 16 &#8211; 25 \u00e5r, der har afsluttet grundskolen og derudover opfylder lovens krav om at v\u00e6re omfattet af et STU-tilbud. STU-Ulkeb\u00f8ldam er derfor rettet mod den gruppe af unge, der er karakteriseret ved ikke p\u00e5 nuv\u00e6rende tidspunkt, at v\u00e6re i stand til at tage nogen form for ordin\u00e6r uddannelse. Det &hellip; L\u00e6s videre M\u00e5lgruppe &rarr;\" \/>\n<meta property=\"og:url\" content=\"http:\/\/www.stu-ulkeb\u00f8ldam.dk\/?page_id=135\" \/>\n<meta property=\"og:site_name\" content=\"STU-Ulkeb\u00f8ldam\" \/>\n<meta property=\"article:publisher\" content=\"https:\/\/www.facebook.com\/groups\/673942635972726\/?fb_dtsg_ag=AdzoCEilAgSGtsBHsmtxuVQO3YB6z-Pa5QD7Rcccj841Qw%3aAdyhV7ar_ltBh-a1YSIPE8AWSyLJVrhmrhn91Vnn_KF1Tw\" \/>\n<meta property=\"article:modified_time\" content=\"2020-08-19T05:43:15+00:00\" \/>\n<meta name=\"twitter:card\" content=\"summary_large_image\" \/>\n<meta name=\"twitter:label1\" content=\"Estimeret l\u00e6setid\" \/>\n\t<meta name=\"twitter:data1\" content=\"1 minut\" \/>\n<script type=\"application\/ld+json\" class=\"yoast-schema-graph\">{\"@context\":\"https:\/\/schema.org\",\"@graph\":[{\"@type\":\"Organization\",\"@id\":\"http:\/\/www.stu-ulkeb\u00f8ldam.dk\/#organization\",\"name\":\"STU-Ulkeb\u00f8ldam\",\"url\":\"http:\/\/www.stu-ulkeb\u00f8ldam.dk\/\",\"sameAs\":[\"https:\/\/www.facebook.com\/groups\/673942635972726\/?fb_dtsg_ag=AdzoCEilAgSGtsBHsmtxuVQO3YB6z-Pa5QD7Rcccj841Qw:AdyhV7ar_ltBh-a1YSIPE8AWSyLJVrhmrhn91Vnn_KF1Tw\"],\"logo\":{\"@type\":\"ImageObject\",\"inLanguage\":\"da-DK\",\"@id\":\"http:\/\/www.stu-ulkeb\u00f8ldam.dk\/#\/schema\/logo\/image\/\",\"url\":\"http:\/\/www.stu-ulkeb\u00f8ldam.dk\/wp-content\/uploads\/2018\/01\/IMG_2749.jpg\",\"contentUrl\":\"http:\/\/www.stu-ulkeb\u00f8ldam.dk\/wp-content\/uploads\/2018\/01\/IMG_2749.jpg\",\"width\":4032,\"height\":3024,\"caption\":\"STU-Ulkeb\u00f8ldam\"},\"image\":{\"@id\":\"http:\/\/www.stu-ulkeb\u00f8ldam.dk\/#\/schema\/logo\/image\/\"}},{\"@type\":\"WebSite\",\"@id\":\"http:\/\/www.stu-ulkeb\u00f8ldam.dk\/#website\",\"url\":\"http:\/\/www.stu-ulkeb\u00f8ldam.dk\/\",\"name\":\"STU-Ulkeb\u00f8ldam\",\"description\":\"Unge med s\u00e6rlige behov\",\"publisher\":{\"@id\":\"http:\/\/www.stu-ulkeb\u00f8ldam.dk\/#organization\"},\"potentialAction\":[{\"@type\":\"SearchAction\",\"target\":{\"@type\":\"EntryPoint\",\"urlTemplate\":\"http:\/\/www.stu-ulkeb\u00f8ldam.dk\/?s={search_term_string}\"},\"query-input\":\"required name=search_term_string\"}],\"inLanguage\":\"da-DK\"},{\"@type\":\"WebPage\",\"@id\":\"http:\/\/www.stu-ulkeb\u00f8ldam.dk\/?page_id=135\",\"url\":\"http:\/\/www.stu-ulkeb\u00f8ldam.dk\/?page_id=135\",\"name\":\"M\u00e5lgruppe - STU-Ulkeb\u00f8ldam\",\"isPartOf\":{\"@id\":\"http:\/\/www.stu-ulkeb\u00f8ldam.dk\/#website\"},\"datePublished\":\"2017-01-06T10:43:31+00:00\",\"dateModified\":\"2020-08-19T05:43:15+00:00\",\"breadcrumb\":{\"@id\":\"http:\/\/www.stu-ulkeb\u00f8ldam.dk\/?page_id=135#breadcrumb\"},\"inLanguage\":\"da-DK\",\"potentialAction\":[{\"@type\":\"ReadAction\",\"target\":[\"http:\/\/www.stu-ulkeb\u00f8ldam.dk\/?page_id=135\"]}]},{\"@type\":\"BreadcrumbList\",\"@id\":\"http:\/\/www.stu-ulkeb\u00f8ldam.dk\/?page_id=135#breadcrumb\",\"itemListElement\":[{\"@type\":\"ListItem\",\"position\":1,\"name\":\"Hjem\",\"item\":\"http:\/\/www.stu-ulkeb\u00f8ldam.dk\/\"},{\"@type\":\"ListItem\",\"position\":2,\"name\":\"Om STU\",\"item\":\"http:\/\/www.stu-ulkeb\u00f8ldam.dk\/?page_id=17\"},{\"@type\":\"ListItem\",\"position\":3,\"name\":\"M\u00e5lgruppe\"}]}]}<\/script>\n<!-- \/ Yoast SEO plugin. -->","yoast_head_json":{"title":"M\u00e5lgruppe - STU-Ulkeb\u00f8ldam","robots":{"index":"index","follow":"follow","max-snippet":"max-snippet:-1","max-image-preview":"max-image-preview:large","max-video-preview":"max-video-preview:-1"},"canonical":"http:\/\/www.stu-ulkeb\u00f8ldam.dk\/?page_id=135","og_locale":"da_DK","og_type":"article","og_title":"M\u00e5lgruppe - STU-Ulkeb\u00f8ldam","og_description":"M\u00e5lgruppen Uddannelsesforl\u00f8bet tilbydes unge mellem 16 &#8211; 25 \u00e5r, der har afsluttet grundskolen og derudover opfylder lovens krav om at v\u00e6re omfattet af et STU-tilbud. STU-Ulkeb\u00f8ldam er derfor rettet mod den gruppe af unge, der er karakteriseret ved ikke p\u00e5 nuv\u00e6rende tidspunkt, at v\u00e6re i stand til at tage nogen form for ordin\u00e6r uddannelse. Det &hellip; L\u00e6s videre M\u00e5lgruppe &rarr;","og_url":"http:\/\/www.stu-ulkeb\u00f8ldam.dk\/?page_id=135","og_site_name":"STU-Ulkeb\u00f8ldam","article_publisher":"https:\/\/www.facebook.com\/groups\/673942635972726\/?fb_dtsg_ag=AdzoCEilAgSGtsBHsmtxuVQO3YB6z-Pa5QD7Rcccj841Qw%3aAdyhV7ar_ltBh-a1YSIPE8AWSyLJVrhmrhn91Vnn_KF1Tw","article_modified_time":"2020-08-19T05:43:15+00:00","twitter_card":"summary_large_image","twitter_misc":{"Estimeret l\u00e6setid":"1 minut"},"schema":{"@context":"https:\/\/schema.org","@graph":[{"@type":"Organization","@id":"http:\/\/www.stu-ulkeb\u00f8ldam.dk\/#organization","name":"STU-Ulkeb\u00f8ldam","url":"http:\/\/www.stu-ulkeb\u00f8ldam.dk\/","sameAs":["https:\/\/www.facebook.com\/groups\/673942635972726\/?fb_dtsg_ag=AdzoCEilAgSGtsBHsmtxuVQO3YB6z-Pa5QD7Rcccj841Qw:AdyhV7ar_ltBh-a1YSIPE8AWSyLJVrhmrhn91Vnn_KF1Tw"],"logo":{"@type":"ImageObject","inLanguage":"da-DK","@id":"http:\/\/www.stu-ulkeb\u00f8ldam.dk\/#\/schema\/logo\/image\/","url":"http:\/\/www.stu-ulkeb\u00f8ldam.dk\/wp-content\/uploads\/2018\/01\/IMG_2749.jpg","contentUrl":"http:\/\/www.stu-ulkeb\u00f8ldam.dk\/wp-content\/uploads\/2018\/01\/IMG_2749.jpg","width":4032,"height":3024,"caption":"STU-Ulkeb\u00f8ldam"},"image":{"@id":"http:\/\/www.stu-ulkeb\u00f8ldam.dk\/#\/schema\/logo\/image\/"}},{"@type":"WebSite","@id":"http:\/\/www.stu-ulkeb\u00f8ldam.dk\/#website","url":"http:\/\/www.stu-ulkeb\u00f8ldam.dk\/","name":"STU-Ulkeb\u00f8ldam","description":"Unge med s\u00e6rlige behov","publisher":{"@id":"http:\/\/www.stu-ulkeb\u00f8ldam.dk\/#organization"},"potentialAction":[{"@type":"SearchAction","target":{"@type":"EntryPoint","urlTemplate":"http:\/\/www.stu-ulkeb\u00f8ldam.dk\/?s={search_term_string}"},"query-input":"required name=search_term_string"}],"inLanguage":"da-DK"},{"@type":"WebPage","@id":"http:\/\/www.stu-ulkeb\u00f8ldam.dk\/?page_id=135","url":"http:\/\/www.stu-ulkeb\u00f8ldam.dk\/?page_id=135","name":"M\u00e5lgruppe - STU-Ulkeb\u00f8ldam","isPartOf":{"@id":"http:\/\/www.stu-ulkeb\u00f8ldam.dk\/#website"},"datePublished":"2017-01-06T10:43:31+00:00","dateModified":"2020-08-19T05:43:15+00:00","breadcrumb":{"@id":"http:\/\/www.stu-ulkeb\u00f8ldam.dk\/?page_id=135#breadcrumb"},"inLanguage":"da-DK","potentialAction":[{"@type":"ReadAction","target":["http:\/\/www.stu-ulkeb\u00f8ldam.dk\/?page_id=135"]}]},{"@type":"BreadcrumbList","@id":"http:\/\/www.stu-ulkeb\u00f8ldam.dk\/?page_id=135#breadcrumb","itemListElement":[{"@type":"ListItem","position":1,"name":"Hjem","item":"http:\/\/www.stu-ulkeb\u00f8ldam.dk\/"},{"@type":"ListItem","position":2,"name":"Om STU","item":"http:\/\/www.stu-ulkeb\u00f8ldam.dk\/?page_id=17"},{"@type":"ListItem","position":3,"name":"M\u00e5lgruppe"}]}]}},"_links":{"self":[{"href":"http:\/\/www.stu-ulkeb\u00f8ldam.dk\/index.php?rest_route=\/wp\/v2\/pages\/135"}],"collection":[{"href":"http:\/\/www.stu-ulkeb\u00f8ldam.dk\/index.php?rest_route=\/wp\/v2\/pages"}],"about":[{"href":"http:\/\/www.stu-ulkeb\u00f8ldam.dk\/index.php?rest_route=\/wp\/v2\/types\/page"}],"author":[{"embeddable":true,"href":"http:\/\/www.stu-ulkeb\u00f8ldam.dk\/index.php?rest_route=\/wp\/v2\/users\/1"}],"replies":[{"embeddable":true,"href":"http:\/\/www.stu-ulkeb\u00f8ldam.dk\/index.php?rest_route=%2Fwp%2Fv2%2Fcomments&post=135"}],"version-history":[{"count":3,"href":"http:\/\/www.stu-ulkeb\u00f8ldam.dk\/index.php?rest_route=\/wp\/v2\/pages\/135\/revisions"}],"predecessor-version":[{"id":1502,"href":"http:\/\/www.stu-ulkeb\u00f8ldam.dk\/index.php?rest_route=\/wp\/v2\/pages\/135\/revisions\/1502"}],"up":[{"embeddable":true,"href":"http:\/\/www.stu-ulkeb\u00f8ldam.dk\/index.php?rest_route=\/wp\/v2\/pages\/17"}],"wp:attachment":[{"href":"http:\/\/www.stu-ulkeb\u00f8ldam.dk\/index.php?rest_route=%2Fwp%2Fv2%2Fmedia&parent=135"}],"curies":[{"name":"wp","href":"https:\/\/api.w.org\/{rel}","templated":true}]}}

http://www.stu-ulkebøldam.dk/?page_id=135

Målgruppe

<p><strong>Målgruppen</strong></p>
<p>Uddannelsesforløbet tilbydes unge mellem 16 &#8211; 25 år, der har afsluttet grundskolen og derudover opfylder lovens krav om at være omfattet af et STU-tilbud.</p>
<p>STU-Ulkebøldam er derfor rettet mod den gruppe af unge, der er karakteriseret ved ikke på nuværende tidspunkt, at være i stand til at tage nogen form for ordinær uddannelse.</p>
<p>Det er imidlertid svært præcist at definere elevgruppen, idet deres problemstillinger og handlemønstre er meget forskellige.</p>
<p>Generelt har de alle problemer med at klare basale opgaver i hverdagen som f.eks. hygiejne, betaling af regninger samt forståelse af almindelige sammenhænge.</p>

<p>Målgruppen Uddannelsesforløbet tilbydes unge mellem 16 &#8211; 25 år, der har afsluttet grundskolen og derudover opfylder lovens krav om at være omfattet af et STU-tilbud. STU-Ulkebøldam er derfor rettet mod den gruppe af unge, der er karakteriseret ved ikke på nuværende tidspunkt, at være i stand til at tage nogen form for ordinær uddannelse. Det &hellip; <a href="http://www.stu-ulkebøldam.dk/?page_id=135" class="more-link">Læs videre <span class="screen-reader-text">Målgruppe</span> <span class="meta-nav">&rarr;</span></a></p>

<!-- This site is optimized with the Yoast SEO plugin v19.4 - https://yoast.com/wordpress/plugins/seo/ -->
<title>Målgruppe - STU-Ulkebøldam</title>
<meta name="robots" content="index, follow, max-snippet:-1, max-image-preview:large, max-video-preview:-1" />
<link rel="canonical" href="http://www.stu-ulkebøldam.dk/?page_id=135" />
<meta property="og:locale" content="da_DK" />
<meta property="og:type" content="article" />
<meta property="og:title" content="Målgruppe - STU-Ulkebøldam" />
<meta property="og:description" content="Målgruppen Uddannelsesforløbet tilbydes unge mellem 16 &#8211; 25 år, der har afsluttet grundskolen og derudover opfylder lovens krav om at være omfattet af et STU-tilbud. STU-Ulkebøldam er derfor rettet mod den gruppe af unge, der er karakteriseret ved ikke på nuværende tidspunkt, at være i stand til at tage nogen form for ordinær uddannelse. Det &hellip; Læs videre Målgruppe &rarr;" />
<meta property="og:url" content="http://www.stu-ulkebøldam.dk/?page_id=135" />
<meta property="og:site_name" content="STU-Ulkebøldam" />
<meta property="article:publisher" content="https://www.facebook.com/groups/673942635972726/?fb_dtsg_ag=AdzoCEilAgSGtsBHsmtxuVQO3YB6z-Pa5QD7Rcccj841Qw%3aAdyhV7ar_ltBh-a1YSIPE8AWSyLJVrhmrhn91Vnn_KF1Tw" />
<meta property="article:modified_time" content="2020-08-19T05:43:15+00:00" />
<meta name="twitter:card" content="summary_large_image" />
<meta name="twitter:label1" content="Estimeret læsetid" />
	<meta name="twitter:data1" content="1 minut" />
<script type="application/ld+json" class="yoast-schema-graph">{"@context":"https://schema.org","@graph":[{"@type":"Organization","@id":"http://www.stu-ulkebøldam.dk/#organization","name":"STU-Ulkebøldam","url":"http://www.stu-ulkebøldam.dk/","sameAs":["https://www.facebook.com/groups/673942635972726/?fb_dtsg_ag=AdzoCEilAgSGtsBHsmtxuVQO3YB6z-Pa5QD7Rcccj841Qw:AdyhV7ar_ltBh-a1YSIPE8AWSyLJVrhmrhn91Vnn_KF1Tw"],"logo":{"@type":"ImageObject","inLanguage":"da-DK","@id":"http://www.stu-ulkebøldam.dk/#/schema/logo/image/","url":"http://www.stu-ulkebøldam.dk/wp-content/uploads/2018/01/IMG_2749.jpg","contentUrl":"http://www.stu-ulkebøldam.dk/wp-content/uploads/2018/01/IMG_2749.jpg","width":4032,"height":3024,"caption":"STU-Ulkebøldam"},"image":{"@id":"http://www.stu-ulkebøldam.dk/#/schema/logo/image/"}},{"@type":"WebSite","@id":"http://www.stu-ulkebøldam.dk/#website","url":"http://www.stu-ulkebøldam.dk/","name":"STU-Ulkebøldam","description":"Unge med særlige behov","publisher":{"@id":"http://www.stu-ulkebøldam.dk/#organization"},"potentialAction":[{"@type":"SearchAction","target":{"@type":"EntryPoint","urlTemplate":"http://www.stu-ulkebøldam.dk/?s={search_term_string}"},"query-input":"required name=search_term_string"}],"inLanguage":"da-DK"},{"@type":"WebPage","@id":"http://www.stu-ulkebøldam.dk/?page_id=135","url":"http://www.stu-ulkebøldam.dk/?page_id=135","name":"Målgruppe - STU-Ulkebøldam","isPartOf":{"@id":"http://www.stu-ulkebøldam.dk/#website"},"datePublished":"2017-01-06T10:43:31+00:00","dateModified":"2020-08-19T05:43:15+00:00","breadcrumb":{"@id":"http://www.stu-ulkebøldam.dk/?page_id=135#breadcrumb"},"inLanguage":"da-DK","potentialAction":[{"@type":"ReadAction","target":["http://www.stu-ulkebøldam.dk/?page_id=135"]}]},{"@type":"BreadcrumbList","@id":"http://www.stu-ulkebøldam.dk/?page_id=135#breadcrumb","itemListElement":[{"@type":"ListItem","position":1,"name":"Hjem","item":"http://www.stu-ulkebøldam.dk/"},{"@type":"ListItem","position":2,"name":"Om STU","item":"http://www.stu-ulkebøldam.dk/?page_id=17"},{"@type":"ListItem","position":3,"name":"Målgruppe"}]}]}</script>
<!-- / Yoast SEO plugin. -->

Målgruppe - STU-Ulkebøldam

Målgruppen Uddannelsesforløbet tilbydes unge mellem 16 &#8211; 25 år, der har afsluttet grundskolen og derudover opfylder lovens krav om at være omfattet af et STU-tilbud. STU-Ulkebøldam er derfor rettet mod den gruppe af unge, der er karakteriseret ved ikke på nuværende tidspunkt, at være i stand til at tage nogen form for ordinær uddannelse. Det &hellip; Læs videre Målgruppe &rarr;

STU-Ulkebøldam

http://www.stu-ulkebøldam.dk/#organization

http://www.stu-ulkebøldam.dk/

http://www.stu-ulkebøldam.dk/#/schema/logo/image/

http://www.stu-ulkebøldam.dk/wp-content/uploads/2018/01/IMG_2749.jpg

http://www.stu-ulkebøldam.dk/#website

Unge med særlige behov

http://www.stu-ulkebøldam.dk/?s={search_term_string}

http://www.stu-ulkebøldam.dk/?page_id=135#breadcrumb

http://www.stu-ulkebøldam.dk/?page_id=17

http://www.stu-ulkebøldam.dk/index.php?rest_route=/wp/v2/pages/135

http://www.stu-ulkebøldam.dk/index.php?rest_route=/wp/v2/pages

http://www.stu-ulkebøldam.dk/index.php?rest_route=/wp/v2/types/page

http://www.stu-ulkebøldam.dk/index.php?rest_route=/wp/v2/users/1

http://www.stu-ulkebøldam.dk/index.php?rest_route=%2Fwp%2Fv2%2Fcomments&post=135

http://www.stu-ulkebøldam.dk/index.php?rest_route=/wp/v2/pages/135/revisions

http://www.stu-ulkebøldam.dk/index.php?rest_route=/wp/v2/pages/135/revisions/1502

http://www.stu-ulkebøldam.dk/index.php?rest_route=/wp/v2/pages/17

http://www.stu-ulkebøldam.dk/index.php?rest_route=%2Fwp%2Fv2%2Fmedia&parent=135
