{"id":133,"date":"2017-01-06T10:39:18","date_gmt":"2017-01-06T10:39:18","guid":{"rendered":"http:\/\/33a4b7a57288598749e1fd58451a206ece846184.web10.temporaryurl.org\/?page_id=133"},"modified":"2024-08-16T10:50:11","modified_gmt":"2024-08-16T10:50:11","slug":"stu-i-soenderborg","status":"publish","type":"page","link":"http:\/\/www.stu-ulkeb\u00f8ldam.dk\/?page_id=133","title":{"rendered":"STU i S\u00f8nderborg"},"content":{"rendered":"<p>STU uddannelsesforl\u00f8bet i S\u00f8nderborg er et tilbud, som indg\u00e5r som en del at et samarbejde mellem STU RendbjergFavn, Flyverskolen, Den Kongelige K\u00f8kkenhave og STU-Ulkeb\u00f8ldam.<\/p>\n<div class=\"section\">\n<div class=\"layoutArea\">\n<div class=\"column\">\n<p><strong>Det 3-\u00e5rige uddannelsestilbud<br \/>\n<\/strong>STU &#8211; s\u00e6rligt Tilrettelagt Uddannelse &#8211; er et 3-\u00e5rigt uddannelsestilbud for unge med s\u00e6rlige behov. Uddannelsesforl\u00f8bet henvender sig unge mellem 16 &#8211; 25 \u00e5r, der har afsluttet grundskolen og som opfylder lovens krav om at v\u00e6re omfattet af et STU-tilbud.<\/p>\n<p>i S\u00f8nderborg er uddannelsen rettet imod den gruppe af unge, der p\u00e5 nuv\u00e6rende tidspunkt og af forskellige \u00e5rsager ikke er i stand til og tage nogen form for almindelig uddannelse.<\/p>\n<p><strong>12 ugers afklaringsforl\u00f8b<\/strong><br \/>\nFGU-S\u00f8nderjyllands STU-tilbud indledes med et afklaringsforl\u00f8b p\u00e5 op til 12 uger<br \/>\nInden opstart af forl\u00f8bet afholdes visitationsm\u00f8de med UU, hvor skolen modtager materiale og begrundelse for at eleven er blevet godkendt til forl\u00f8bet<br \/>\nAfklaringsforl\u00f8bet fungere som forarbejdet til udarbejdelsen af den unges individuelle forl\u00f8bsplan samtidig med, at det som STU&#8217;en kan betragtes som en tr\u00e6ningsbane for en god hverdag i relation til arbejde, hjem, venner og fritid.<br \/>\nAfklaringsforl\u00f8bet tager derfor udgangspunkt i en kvartet best\u00e5ende af:<\/p>\n<ul>\n<li>Forl\u00f8bsplan<\/li>\n<li>Afpr\u00f8vning<\/li>\n<li>Iagttagelser<\/li>\n<\/ul>\n<p>Den unges lyst, evne og interesser<br \/>\nUnder hele uddannelsen l\u00e6gges v\u00e6gt p\u00e5 den unges individuelle behov.<\/p>\n<p>Forl\u00f8bsplanen benyttes gennem hele uddannelsen for l\u00f8bende at kunne evaluere den videre udvikling.<\/p>\n<p><span class=\"Apple-style-span\"><strong>Strukturen i en hel 3 \u00e5rig uddannelse er bygget op omkring f\u00f8lgende fokusomr\u00e5der under hensyntagen til den enkelte, men der kan lige s\u00e5 vel aftales forl\u00f8b af kortere varighed :<\/strong><\/span><\/p>\n<p><span class=\"Apple-style-span\"><u>Etablering af et socialt netv\u00e6rk<\/u><\/span><\/p>\n<p>Yderligere afklaring af kompetencer, lyst og muligheder.<\/p>\n<p>Tydeligg\u00f8relse af: hvem er jeg, hvad kan jeg, og hvor er min plads i verden<\/p>\n<p><span class=\"Apple-style-span\"><u>Fordybelse og udfordring<\/u>.<\/span><\/p>\n<p>P\u00e5 2. \u00e5ret kender eleven huset, medarbejderne og mulighederne og kan for alvor fordybe sig i de omr\u00e5der, han\/hun kan godt kan lide og de omr\u00e5der, der er n\u00f8dvendige at kunne, og som den unge derfor har brug for at tr\u00e6ne.<\/p>\n<\/div>\n<\/div>\n<p><span class=\"Apple-style-span\"><u><strong>Opsamling og udslusning.<\/strong><br \/>\n<\/u><\/span><\/p>\n<div class=\"layoutArea\">\n<div class=\"column\">\n<p>Ved 2. \u00e5rs afslutning planl\u00e6gges 3. \u00e5ret. Nogle indsatsomr\u00e5der forbliver i skemaet samtidig med, at der langsomt tages till\u00f8b til udslusning via praktikker, undervisning p\u00e5 andre institutioner o.lign.<\/p>\n<p>M\u00e5let er, at samtlige elever ved, hvor de skal forts\u00e6tte deres virke efter uddannelsen p\u00e5.<\/p>\n<\/div>\n<\/div>\n<\/div>\n ","protected":false},"excerpt":{"rendered":"<p>STU uddannelsesforl\u00f8bet i S\u00f8nderborg er et tilbud, som indg\u00e5r som en del at et samarbejde mellem STU RendbjergFavn, Flyverskolen, Den Kongelige K\u00f8kkenhave og STU-Ulkeb\u00f8ldam. Det 3-\u00e5rige uddannelsestilbud STU &#8211; s\u00e6rligt Tilrettelagt Uddannelse &#8211; er et 3-\u00e5rigt uddannelsestilbud for unge med s\u00e6rlige behov. Uddannelsesforl\u00f8bet henvender sig unge mellem 16 &#8211; 25 \u00e5r, der har afsluttet grundskolen &hellip; <a href=\"http:\/\/www.stu-ulkeb\u00f8ldam.dk\/?page_id=133\" class=\"more-link\">L\u00e6s videre <span class=\"screen-reader-text\">STU i S\u00f8nderborg<\/span> <span class=\"meta-nav\">&rarr;<\/span><\/a><\/p>\n","protected":false},"author":1,"featured_media":452,"parent":17,"menu_order":0,"comment_status":"closed","ping_status":"closed","template":"","meta":[],"yoast_head":"<!-- This site is optimized with the Yoast SEO plugin v19.4 - https:\/\/yoast.com\/wordpress\/plugins\/seo\/ -->\n<title>STU i S\u00f8nderborg - STU-Ulkeb\u00f8ldam<\/title>\n<meta name=\"robots\" content=\"index, follow, max-snippet:-1, max-image-preview:large, max-video-preview:-1\" \/>\n<link rel=\"canonical\" href=\"http:\/\/www.stu-ulkeb\u00f8ldam.dk\/?page_id=133\" \/>\n<meta property=\"og:locale\" content=\"da_DK\" \/>\n<meta property=\"og:type\" content=\"article\" \/>\n<meta property=\"og:title\" content=\"STU i S\u00f8nderborg - STU-Ulkeb\u00f8ldam\" \/>\n<meta property=\"og:description\" content=\"STU uddannelsesforl\u00f8bet i S\u00f8nderborg er et tilbud, som indg\u00e5r som en del at et samarbejde mellem STU RendbjergFavn, Flyverskolen, Den Kongelige K\u00f8kkenhave og STU-Ulkeb\u00f8ldam. Det 3-\u00e5rige uddannelsestilbud STU &#8211; s\u00e6rligt Tilrettelagt Uddannelse &#8211; er et 3-\u00e5rigt uddannelsestilbud for unge med s\u00e6rlige behov. Uddannelsesforl\u00f8bet henvender sig unge mellem 16 &#8211; 25 \u00e5r, der har afsluttet grundskolen &hellip; L\u00e6s videre STU i S\u00f8nderborg &rarr;\" \/>\n<meta property=\"og:url\" content=\"http:\/\/www.stu-ulkeb\u00f8ldam.dk\/?page_id=133\" \/>\n<meta property=\"og:site_name\" content=\"STU-Ulkeb\u00f8ldam\" \/>\n<meta property=\"article:publisher\" content=\"https:\/\/www.facebook.com\/groups\/673942635972726\/?fb_dtsg_ag=AdzoCEilAgSGtsBHsmtxuVQO3YB6z-Pa5QD7Rcccj841Qw%3aAdyhV7ar_ltBh-a1YSIPE8AWSyLJVrhmrhn91Vnn_KF1Tw\" \/>\n<meta property=\"article:modified_time\" content=\"2024-08-16T10:50:11+00:00\" \/>\n<meta property=\"og:image\" content=\"http:\/\/www.stu-ulkeb\u00f8ldam.dk\/wp-content\/uploads\/2018\/01\/F\u00e6llesbillede-2018.jpg\" \/>\n\t<meta property=\"og:image:width\" content=\"960\" \/>\n\t<meta property=\"og:image:height\" content=\"720\" \/>\n\t<meta property=\"og:image:type\" content=\"image\/jpeg\" \/>\n<meta name=\"twitter:card\" content=\"summary_large_image\" \/>\n<meta name=\"twitter:label1\" content=\"Estimeret l\u00e6setid\" \/>\n\t<meta name=\"twitter:data1\" content=\"2 minutter\" \/>\n<script type=\"application\/ld+json\" class=\"yoast-schema-graph\">{\"@context\":\"https:\/\/schema.org\",\"@graph\":[{\"@type\":\"Organization\",\"@id\":\"http:\/\/www.stu-ulkeb\u00f8ldam.dk\/#organization\",\"name\":\"STU-Ulkeb\u00f8ldam\",\"url\":\"http:\/\/www.stu-ulkeb\u00f8ldam.dk\/\",\"sameAs\":[\"https:\/\/www.facebook.com\/groups\/673942635972726\/?fb_dtsg_ag=AdzoCEilAgSGtsBHsmtxuVQO3YB6z-Pa5QD7Rcccj841Qw:AdyhV7ar_ltBh-a1YSIPE8AWSyLJVrhmrhn91Vnn_KF1Tw\"],\"logo\":{\"@type\":\"ImageObject\",\"inLanguage\":\"da-DK\",\"@id\":\"http:\/\/www.stu-ulkeb\u00f8ldam.dk\/#\/schema\/logo\/image\/\",\"url\":\"http:\/\/www.stu-ulkeb\u00f8ldam.dk\/wp-content\/uploads\/2018\/01\/IMG_2749.jpg\",\"contentUrl\":\"http:\/\/www.stu-ulkeb\u00f8ldam.dk\/wp-content\/uploads\/2018\/01\/IMG_2749.jpg\",\"width\":4032,\"height\":3024,\"caption\":\"STU-Ulkeb\u00f8ldam\"},\"image\":{\"@id\":\"http:\/\/www.stu-ulkeb\u00f8ldam.dk\/#\/schema\/logo\/image\/\"}},{\"@type\":\"WebSite\",\"@id\":\"http:\/\/www.stu-ulkeb\u00f8ldam.dk\/#website\",\"url\":\"http:\/\/www.stu-ulkeb\u00f8ldam.dk\/\",\"name\":\"STU-Ulkeb\u00f8ldam\",\"description\":\"Unge med s\u00e6rlige behov\",\"publisher\":{\"@id\":\"http:\/\/www.stu-ulkeb\u00f8ldam.dk\/#organization\"},\"potentialAction\":[{\"@type\":\"SearchAction\",\"target\":{\"@type\":\"EntryPoint\",\"urlTemplate\":\"http:\/\/www.stu-ulkeb\u00f8ldam.dk\/?s={search_term_string}\"},\"query-input\":\"required name=search_term_string\"}],\"inLanguage\":\"da-DK\"},{\"@type\":\"WebPage\",\"@id\":\"http:\/\/www.stu-ulkeb\u00f8ldam.dk\/?page_id=133\",\"url\":\"http:\/\/www.stu-ulkeb\u00f8ldam.dk\/?page_id=133\",\"name\":\"STU i S\u00f8nderborg - STU-Ulkeb\u00f8ldam\",\"isPartOf\":{\"@id\":\"http:\/\/www.stu-ulkeb\u00f8ldam.dk\/#website\"},\"datePublished\":\"2017-01-06T10:39:18+00:00\",\"dateModified\":\"2024-08-16T10:50:11+00:00\",\"breadcrumb\":{\"@id\":\"http:\/\/www.stu-ulkeb\u00f8ldam.dk\/?page_id=133#breadcrumb\"},\"inLanguage\":\"da-DK\",\"potentialAction\":[{\"@type\":\"ReadAction\",\"target\":[\"http:\/\/www.stu-ulkeb\u00f8ldam.dk\/?page_id=133\"]}]},{\"@type\":\"BreadcrumbList\",\"@id\":\"http:\/\/www.stu-ulkeb\u00f8ldam.dk\/?page_id=133#breadcrumb\",\"itemListElement\":[{\"@type\":\"ListItem\",\"position\":1,\"name\":\"Hjem\",\"item\":\"http:\/\/www.stu-ulkeb\u00f8ldam.dk\/\"},{\"@type\":\"ListItem\",\"position\":2,\"name\":\"Om STU\",\"item\":\"http:\/\/www.stu-ulkeb\u00f8ldam.dk\/?page_id=17\"},{\"@type\":\"ListItem\",\"position\":3,\"name\":\"STU i S\u00f8nderborg\"}]}]}<\/script>\n<!-- \/ Yoast SEO plugin. -->","yoast_head_json":{"title":"STU i S\u00f8nderborg - STU-Ulkeb\u00f8ldam","robots":{"index":"index","follow":"follow","max-snippet":"max-snippet:-1","max-image-preview":"max-image-preview:large","max-video-preview":"max-video-preview:-1"},"canonical":"http:\/\/www.stu-ulkeb\u00f8ldam.dk\/?page_id=133","og_locale":"da_DK","og_type":"article","og_title":"STU i S\u00f8nderborg - STU-Ulkeb\u00f8ldam","og_description":"STU uddannelsesforl\u00f8bet i S\u00f8nderborg er et tilbud, som indg\u00e5r som en del at et samarbejde mellem STU RendbjergFavn, Flyverskolen, Den Kongelige K\u00f8kkenhave og STU-Ulkeb\u00f8ldam. Det 3-\u00e5rige uddannelsestilbud STU &#8211; s\u00e6rligt Tilrettelagt Uddannelse &#8211; er et 3-\u00e5rigt uddannelsestilbud for unge med s\u00e6rlige behov. Uddannelsesforl\u00f8bet henvender sig unge mellem 16 &#8211; 25 \u00e5r, der har afsluttet grundskolen &hellip; L\u00e6s videre STU i S\u00f8nderborg &rarr;","og_url":"http:\/\/www.stu-ulkeb\u00f8ldam.dk\/?page_id=133","og_site_name":"STU-Ulkeb\u00f8ldam","article_publisher":"https:\/\/www.facebook.com\/groups\/673942635972726\/?fb_dtsg_ag=AdzoCEilAgSGtsBHsmtxuVQO3YB6z-Pa5QD7Rcccj841Qw%3aAdyhV7ar_ltBh-a1YSIPE8AWSyLJVrhmrhn91Vnn_KF1Tw","article_modified_time":"2024-08-16T10:50:11+00:00","og_image":[{"width":960,"height":720,"url":"http:\/\/www.stu-ulkeb\u00f8ldam.dk\/wp-content\/uploads\/2018\/01\/F\u00e6llesbillede-2018.jpg","type":"image\/jpeg"}],"twitter_card":"summary_large_image","twitter_misc":{"Estimeret l\u00e6setid":"2 minutter"},"schema":{"@context":"https:\/\/schema.org","@graph":[{"@type":"Organization","@id":"http:\/\/www.stu-ulkeb\u00f8ldam.dk\/#organization","name":"STU-Ulkeb\u00f8ldam","url":"http:\/\/www.stu-ulkeb\u00f8ldam.dk\/","sameAs":["https:\/\/www.facebook.com\/groups\/673942635972726\/?fb_dtsg_ag=AdzoCEilAgSGtsBHsmtxuVQO3YB6z-Pa5QD7Rcccj841Qw:AdyhV7ar_ltBh-a1YSIPE8AWSyLJVrhmrhn91Vnn_KF1Tw"],"logo":{"@type":"ImageObject","inLanguage":"da-DK","@id":"http:\/\/www.stu-ulkeb\u00f8ldam.dk\/#\/schema\/logo\/image\/","url":"http:\/\/www.stu-ulkeb\u00f8ldam.dk\/wp-content\/uploads\/2018\/01\/IMG_2749.jpg","contentUrl":"http:\/\/www.stu-ulkeb\u00f8ldam.dk\/wp-content\/uploads\/2018\/01\/IMG_2749.jpg","width":4032,"height":3024,"caption":"STU-Ulkeb\u00f8ldam"},"image":{"@id":"http:\/\/www.stu-ulkeb\u00f8ldam.dk\/#\/schema\/logo\/image\/"}},{"@type":"WebSite","@id":"http:\/\/www.stu-ulkeb\u00f8ldam.dk\/#website","url":"http:\/\/www.stu-ulkeb\u00f8ldam.dk\/","name":"STU-Ulkeb\u00f8ldam","description":"Unge med s\u00e6rlige behov","publisher":{"@id":"http:\/\/www.stu-ulkeb\u00f8ldam.dk\/#organization"},"potentialAction":[{"@type":"SearchAction","target":{"@type":"EntryPoint","urlTemplate":"http:\/\/www.stu-ulkeb\u00f8ldam.dk\/?s={search_term_string}"},"query-input":"required name=search_term_string"}],"inLanguage":"da-DK"},{"@type":"WebPage","@id":"http:\/\/www.stu-ulkeb\u00f8ldam.dk\/?page_id=133","url":"http:\/\/www.stu-ulkeb\u00f8ldam.dk\/?page_id=133","name":"STU i S\u00f8nderborg - STU-Ulkeb\u00f8ldam","isPartOf":{"@id":"http:\/\/www.stu-ulkeb\u00f8ldam.dk\/#website"},"datePublished":"2017-01-06T10:39:18+00:00","dateModified":"2024-08-16T10:50:11+00:00","breadcrumb":{"@id":"http:\/\/www.stu-ulkeb\u00f8ldam.dk\/?page_id=133#breadcrumb"},"inLanguage":"da-DK","potentialAction":[{"@type":"ReadAction","target":["http:\/\/www.stu-ulkeb\u00f8ldam.dk\/?page_id=133"]}]},{"@type":"BreadcrumbList","@id":"http:\/\/www.stu-ulkeb\u00f8ldam.dk\/?page_id=133#breadcrumb","itemListElement":[{"@type":"ListItem","position":1,"name":"Hjem","item":"http:\/\/www.stu-ulkeb\u00f8ldam.dk\/"},{"@type":"ListItem","position":2,"name":"Om STU","item":"http:\/\/www.stu-ulkeb\u00f8ldam.dk\/?page_id=17"},{"@type":"ListItem","position":3,"name":"STU i S\u00f8nderborg"}]}]}},"_links":{"self":[{"href":"http:\/\/www.stu-ulkeb\u00f8ldam.dk\/index.php?rest_route=\/wp\/v2\/pages\/133"}],"collection":[{"href":"http:\/\/www.stu-ulkeb\u00f8ldam.dk\/index.php?rest_route=\/wp\/v2\/pages"}],"about":[{"href":"http:\/\/www.stu-ulkeb\u00f8ldam.dk\/index.php?rest_route=\/wp\/v2\/types\/page"}],"author":[{"embeddable":true,"href":"http:\/\/www.stu-ulkeb\u00f8ldam.dk\/index.php?rest_route=\/wp\/v2\/users\/1"}],"replies":[{"embeddable":true,"href":"http:\/\/www.stu-ulkeb\u00f8ldam.dk\/index.php?rest_route=%2Fwp%2Fv2%2Fcomments&post=133"}],"version-history":[{"count":9,"href":"http:\/\/www.stu-ulkeb\u00f8ldam.dk\/index.php?rest_route=\/wp\/v2\/pages\/133\/revisions"}],"predecessor-version":[{"id":1974,"href":"http:\/\/www.stu-ulkeb\u00f8ldam.dk\/index.php?rest_route=\/wp\/v2\/pages\/133\/revisions\/1974"}],"up":[{"embeddable":true,"href":"http:\/\/www.stu-ulkeb\u00f8ldam.dk\/index.php?rest_route=\/wp\/v2\/pages\/17"}],"wp:featuredmedia":[{"embeddable":true,"href":"http:\/\/www.stu-ulkeb\u00f8ldam.dk\/index.php?rest_route=\/wp\/v2\/media\/452"}],"wp:attachment":[{"href":"http:\/\/www.stu-ulkeb\u00f8ldam.dk\/index.php?rest_route=%2Fwp%2Fv2%2Fmedia&parent=133"}],"curies":[{"name":"wp","href":"https:\/\/api.w.org\/{rel}","templated":true}]}}